ed by 47?
35
Calculate the remainder when 27 is divided by 14.
13
Calculate the remainder when 138 is divided by 49.
40
Calculate the remainder when 1605 is divided by 798.
9
What is the remainder when 1530 is divided by 192?
186
What is the remainder when 1469 is divided by 35?
34
What is the remainder when 1019 is divided by 68?
67
Calculate the remainder when 3062 is divided by 36.
2
What is the remainder when 6085 is divided by 1014?
1
What is the remainder when 566 is divided by 14?
6
Calculate the remainder when 21 is divided by 6.
3
What is the remainder when 12864 is divided by 14?
12
Calculate the remainder when 237 is divided by 22.
17
What is the remainder when 303 is divided by 91?
30
Calculate the remainder when 4288 is divided by 428.
8
What is the remainder when 50 is divided by 31?
19
What is the remainder when 606 is divided by 16?
14
What is the remainder when 2301 is divided by 96?
93
What is the remainder when 335 is divided by 306?
29
Calculate the remainder when 209 is divided by 94.
21
Calculate the remainder when 608 is divided by 5.
3
What is the remainder when 32 is divided by 27?
5
Calculate the remainder when 125 is divided by 80.
45
Calculate the remainder when 54 is divided by 4.
2
Calculate the remainder when 1501 is divided by 52.
45
What is the remainder when 86 is divided by 73?
13
What is the remainder when 13124 is divided by 21?
20
Calculate the remainder when 308 is divided by 13.
9
What is the remainder when 82597 is divided by 280?
277
Calculate the remainder when 58 is divided by 22.
14
What is the remainder when 2703 is divided by 123?
120
What is the remainder when 631 is divided by 149?
35
Calculate the remainder when 680 is divided by 86.
78
Calculate the remainder when 319 is divided by 176.
143
What is the remainder when 719 is divided by 15?
14
What is the remainder when 1582 is divided by 6?
4
Calculate the remainder when 2976 is divided by 11.
6
Calculate the remainder when 4957 is divided by 57.
55
Calculate the remainder when 130 is divided by 116.
14
What is the remainder when 34 is divided by 3?
1
What is the remainder when 281 is divided by 14?
1
Calculate the remainder when 188 is divided by 38.
36
What is the remainder when 1258 is divided by 47?
36
What is the remainder when 172 is divided by 61?
50
What is the remainder when 52 is divided by 34?
18
What is the remainder when 7495 is divided by 163?
160
What is the remainder when 475 is divided by 13?
7
What is the remainder when 482 is divided by 41?
31
What is the remainder when 13593 is divided by 412?
409
Calculate the remainder when 11229 is divided by 156.
153
What is the remainder when 5583 is divided by 2788?
7
Calculate the remainder when 64 is divided by 22.
20
Calculate the remainder when 1097 is divided by 188.
157
Calculate the remainder when 198 is divided by 70.
58
Calculate the remainder when 1254 is divided by 412.
18
Calculate the remainder when 1303 is divided by 20.
3
What is the remainder when 25 is divided by 14?
11
Calculate the remainder when 1108 is divided by 365.
13
Calculate the remainder when 1536 is divided by 29.
28
What is the remainder when 111 is divided by 11?
1
What is the remainder when 35 is divided by 24?
11
What is the remainder when 221 is divided by 137?
84
What is the remainder when 69 is divided by 59?
10
Calculate the remainder when 462 is divided by 19.
6
What is the remainder when 6 is divided by 6?
0
Calculate the remainder when 335 is divided by 26.
23
What is the remainder when 177 is divided by 26?
21
Calculate the remainder when 105 is divided by 18.
15
What is the remainder when 340 is divided by 9?
7
What is the remainder when 41 is divided by 21?
20
What is the remainder when 1036 is divided by 104?
100
What is the remainder when 74 is divided by 72?
2
Calculate the remainder when 2201 is divided by 139.
116
What is the remainder when 870 is divided by 35?
30
Calculate the remainder when 579 is divided by 29.
28
What is the remainder when 126 is divided by 17?
7
What is the remainder when 2344 is divided by 102?
100
Calculate the remainder when 99 is divided by 20.
19
Calculate the remainder when 6952 is divided by 114.
112
What is the remainder when 347 is divided by 29?
28
What is the remainder when 46 is divided by 12?
10
What is the remainder when 3437 is divided by 40?
37
What is the remainder when 3731 is divided by 313?
288
What is the remainder when 288 is divided by 47?
6
What is the remainder when 548 is divided by 177?
17
Calculate the remainder when 297 is divided by 86.
39
What is the remainder when 1044 is divided by 62?
52
What is the remainder when 97 is divided by 33?
31
What is the remainder when 413 is divided by 11?
6
Calculate the remainder when 61 is divided by 49.
12
Calculate the remainder when 1541 is divided by 185.
61
What is the remainder when 1524 is divided by 64?
52
What is the remainder when 898 is divided by 180?
178
Calculate the remainder when 4233 is divided by 121.
119
What is the remainder when 1442 is divided by 88?
34
Calculate the remainder when 4716 is divided by 89.
88
Calculate the remainder when 506 is divided by 160.
26
Calculate the remainder when 1011 is divided by 128.
115
What is the remainder when 627 is divided by 45?
42
What is the remainder when 371 is divided by 40?
11
What is the remainder when 415 is divided by 172?
71
Calculate the remainder when 350 is divided by 80.
30
Calculate the remainder when 6430 is divided by 41.
34
Calculate the remainder when 20 is divided by 14.
6
What is the remainder when 463 is divided by 155?
153
Calculate the remainder when 592 is divided by 54.
52
What is the remainder when 796 is divided by 201?
193
What is the remainder when 1292 is divided by 48?
44
What is the remainder when 3166 is divided by 79?
6
Calculate the remainder when 233 is divided by 72.
17
Calculate the remainder when 349 is divided by 126.
97
Calculate the remainder when 724 is divided by 183.
175
What is the remainder when 922 is divided by 66?
64
Calculate the remainder when 58 is divided by 12.
10
Calculate the remainder when 305 is divided by 26.
19
Calculate the remainder when 4259 is divided by 49.
45
What is the remainder when 67 is divided by 4?
3
What is the remainder when 870 is divided by 111?
93
What is the remainder when 263 is divided by 88?
87
Calculate the remainder when 221 is divided by 39.
26
What is the remainder when 206 is divided by 8?
6
Calculate the remainder when 538 is divided by 5.
3
Calculate the remainder when 538 is divided by 38.
6
What is the remainder when 600 is divided by 29?
20
What is the remainder when 3242 is divided by 1070?
32
Calculate the remainder when 1636 is divided by 818.
0
Calculate the remainder when 3799 is divided by 8.
7
What is the remainder when 593 is divided by 85?
83
What is the remainder when 206 is divided by 110?
96
Calculate the remainder when 64 is divided by 52.
12
Calculate the remainder when 289 is divided by 57.
4
Calculate the remainder when 643 is divided by 38.
35
Calculate the remainder when 457 is divided by 143.
28
What is the remainder when 97 is divided by 19?
2
What is the remainder when 299 is divided by 86?
41
Calculate the remainder when 5584 is divided by 21.
19
What is the remainder when 7872 is divided by 7?
4
Calculate the remainder when 366 is divided by 117.
15
What is the remainder when 279 is divided by 14?
13
What is the remainder when 3997 is divided by 80?
77
What is the remainder when 116 is divided by 17?
14
What is the remainder when 1045 is divided by 30?
25
Calculate the remainder when 5771 is divided by 156.
155
Calculate the remainder when 304 is divided by 17.
15
Calculate the remainder when 68 is divided by 55.
13
Calculate the remainder when 131 is divided by 11.
10
What is the remainder when 291 is divided by 7?
4
Calculate the remainder when 152 is divided by 41.
29
Calculate the remainder when 979 is divided by 100.
79
Calculate the remainder when 221 is divided by 56.
53
What is the remainder when 1925 is divided by 19?
6
What is the remainder when 1134 is divided by 558?
18
What is the remainder when 2712 is divided by 118?
116
Calculate the remainder when 47 is divided by 16.
15
Calculate the remainder when 357 is